= -46 - 9. Suppose -4184 - j = -5*m. What is the hundreds digit of m?
8
Suppose h = -7*h - 7*h. Suppose h*j + 566 = 2*b + 2*j, 4*b + 5*j = 1137. What is the tens digit of b?
7
Let f(a) = a**3 - 13*a**2 - 30*a. Let m be f(15). Suppose -18*l - 2890 = -22*l - 2*w, l + 4*w - 712 = m. What is the tens digit of l?
2
Suppose -13*a + 41840 = 6896. What is the thousands digit of a?
2
Let p(u) = 15*u**3 - 3*u**2 - u + 1. Let q be p(-1). Let i(w) = -w + 1. Let o be i(q). Suppose -15*b + o*b - 294 = 0. What is the hundreds digit of b?
1
What is the hundreds digit of (-2 - (-11102)/(-5))/((-202)/505)?
5
Let u(a) = a**2 + 12*a + 12. Let m be u(-12). Let w = 25 - 8. Suppose -w*f + m*f + 105 = 0. What is the tens digit of f?
2
Let o(p) = -p**3 - 3*p**2 + 14*p + 10. Let i be o(-5). Suppose 3420 = -8*k + 2*k. What is the tens digit of ((-6)/i)/((-6)/k)?
5
Suppose -3*w + 85*r - 88*r = -29043, 19350 = 2*w - 2*r. What is the hundreds digit of w?
6
Suppose 12*q + 11*q - 1998 = 5*q. Let y(d) = 3*d**2 + d - 6. Let n be y(5). Let x = q - n. What is the units digit of x?
7
Let z(j) = 3*j + 103. Let o be z(-31). Let w(k) = -385*k - 2. Let i be w(-6). What is the hundreds digit of (-4)/((-80)/i) + (-4)/o?
1
Suppose -1587*f = -1586*f - 1. What is the thousands digit of -3*(2128/(-6) + f)?
1
Let s be (-3)/4 - (33/(-12) - 0). Let i(r) = 213*r + 13. What is the units digit of i(s)?
9
Let l be (-15)/(-6) - 1/(-2). Suppose -2*r = -l*r + 1200. Suppose -r = 4*b - 14*b. What is the units digit of b?
0
Suppose 84038*f + 2404 = 84039*f. What is the thousands digit of f?
2
Suppose 3*a = 19834 + 15281. What is the hundreds digit of a?
7
Let i = 16123 - 8810. What is the hundreds digit of i?
3
Let g = -388 - -400. Suppose g*o - 20*o = -9328. What is the hundreds digit of o?
1
Let a(o) = 103*o**2 + 26*o + 4. Let g be a(-6). Suppose 22*m + g - 10772 = 0. What is the hundreds digit of m?
3
Let n(q) = 4*q**2 - 24*q - 727. What is the hundreds digit of n(-60)?
1
Let g(k) = 20*k**2 + 26*k + 181. What is the thousands digit of g(15)?
5
Let x(k) = -156*k - 601. What is the units digit of x(-73)?
7
Let f = -5 + 5. Let s be 5*40/(-50) + (-7)/1. What is the tens digit of (f + -2)/(s/484)?
8
Let a = 170 + -77. Let g = 269 - a. What is the tens digit of g?
7
Let q = 43889 - 23461. What is the hundreds digit of q?
4
Let l be -2*(-2 - 1315/10). Suppose 3*f - 1291 = -5*k + 2*f, -l = -k + 2*f. What is the tens digit of (k/28)/((-1)/(-4))?
3
Suppose l = -7, -d + 11469 + 13978 = 4*l. What is the units digit of d?
5
Suppose -11 = 6*c - 11. Suppose 493 = 3*k + n, -k + c*n + 176 = -2*n. What is the hundreds digit of k?
1
Let y be -3*(-3)/(-6)*1118/(-3). Suppose 879 - y = q. What is the hundreds digit of q?
3
Let j(x) = 4*x + 34. Let u be j(-6). Suppose -4*g + 254 = -u. What is the tens digit of g?
6
Let g = -7168 - -12856. What is the units digit of g?
8
Let q = 36710 + -14952. What is the ten thousands digit of q?
2
Suppose -69*c + 95*c - 95290 = 0. What is the hundreds digit of c?
6
Let w(l) = 2*l**2 - 5*l - 34. Let g be w(-14). Suppose -2*a = -g + 162. Let v = -64 + a. What is the tens digit of v?
6
Suppose -27*v + 413 = -73. Suppose 30700 = 43*m - v*m. What is the tens digit of m?
2
Let z(p) = -3*p**2 + 0 + 4*p**3 + 2*p**2 + 3. Suppose -2*b + 6 = -5*m, 2*b + 3*m = -2 + 8. What is the units digit of z(b)?
2
Suppose -19*t + 22*t - 312 = 0. Let d = t + 64. Let n = -99 + d. What is the units digit of n?
9
Suppose 141 - 146 = 5*w. Let o be (4/(-12))/(78/81 + w). What is the units digit of (o/4)/((-15)/(-280))?
2
Let w(o) be the first derivative of -7*o + 4 - 2*o**2 + 1/4*o**4 + 5*o**3. What is the units digit of w(-15)?
3
Suppose u - 11 = -23. Let x(c) = -2*c**2 - 26*c + 7. Let z be x(u). Let a = 35 + z. What is the tens digit of a?
6
Let a(s) = 2*s - 3*s - 12*s**2 + 459 + 10*s**2 + s**2. What is the units digit of a(0)?
9
Let j(o) = 21*o - 246. Let u be j(13). Suppose 11*s = u*s - 4064. What is the tens digit of s?
5
Let h(r) = 22*r**2 - 446*r + 67. What is the ten thousands digit of h(34)?
1
Suppose -4*u - 3*n + 17667 = 0, 3*u + 3*n + 4503 = 17757. What is the tens digit of u?
1
What is the hundreds digit of (3 - 1385/10)/(1/(-86))?
6
Let m(u) = -6*u**3 - 13*u**2 + 36*u + 548. What is the tens digit of m(-16)?
2
Let c = -222 - -240. Suppose -c*m + 1206 = -4248. What is the hundreds digit of m?
3
Suppose -27 = -2*z + 57. Suppose -4*b - b = -a - z, -4*b + a = -34. What is the units digit of 152/3*12/b?
6
Suppose -24*u = 363 - 3819. Let n = 377 - u. What is the hundreds digit of n?
2
Suppose -3630 = 22*j - 28*j. Let u be (-15)/(-25) - 4146/10. Let h = j + u. What is the hundreds digit of h?
1
Let y = 49 + -206. Let w = -31 - y. What is the tens digit of w?
2
Let l(z) = 6729*z**2 + 1009*z + 9. What is the tens digit of l(-3)?
4
Let g = -359 + 847. Suppose 0 = 4*z - 552 - g. What is the tens digit of z?
6
Suppose 1378*n = 1352*n + 120932 + 605586. What is the hundreds digit of n?
9
Suppose 20*i - 275753 - 1190487 = 0. What is the thousands digit of i?
3
Let h be (-16)/28 - ((-5562)/(-42) + 5). Suppose -3*u + 1089 = x - 6*x, -5*x = 3*u + 1101. Let f = h - x. What is the tens digit of f?
8
Let g(l) = 896*l**2 + 6*l - 83. What is the thousands digit of g(4)?
4
Let m = -196 - -194. What is the tens digit of (-183*m/9)/(22/33)?
6
Let o(n) = -2271*n + 255. What is the ten thousands digit of o(-8)?
1
Let q(t) = t**3 - 12*t**2 + 13*t - 8. Let d be q(11). Suppose -d*s + 632 = -12*s. What is the hundreds digit of s?
3
Suppose -b + 4*k = -7126, 2*k + 78 = 76. What is the units digit of b?
2
Suppose -9*b - 16 = -13*b. Suppose 0 = -h + b*h - 120. What is the hundreds digit of (-8)/(h/25)*256/(-10)?
1
Let m be (30/(-1 - 4))/((-6)/232). Let f = 500 - m. Suppose -13*b + f = -9*b. What is the units digit of b?
7
Let t(f) = 45*f + 263. Let h be t(-6). Let v(o) = -254*o - 104. What is the hundreds digit of v(h)?
6
Suppose 0 = 3*t - 6313 + 2170. Suppose 5*m + 2*q - t = 0, 2*m - 443 = -2*q + 107. What is the tens digit of m?
7
Let p = -44 - -56. Let z be (-6)/p + 6/4. Suppose 4*k + 4*n - 68 = 0, -2*n + z = -3*k + 52. What is the tens digit of k?
1
What is the tens digit of 233690/11 - (585/165 - 3)?
4
Suppose 2*l + 3420 = 4*i, i = -18*l + 12*l + 855. What is the units digit of i?
5
Suppose 0 = -3*c - y + 49, -4*c - 3*y + 79 = c. Let o(v) = -9*v**2 - 15 + 27*v**2 - c*v**2 - 8*v. What is the units digit of o(-5)?
0
Let g(z) = -1162*z - 2807. What is the tens digit of g(-28)?
2
Suppose -405*d + 58124 = -394*d. What is the tens digit of d?
8
Let u = 29656 + -16616. What is the hundreds digit of u?
0
Suppose -m - 3*h + 25688 = 0, -3*h + 151468 + 28258 = 7*m. What is the units digit of m?
3
What is the tens digit of (-106303)/(-9) - (-44)/(-99)?
1
Suppose 0 = -12*n + n - 22*n + 334785. What is the hundreds digit of n?
1
Suppose 26*d = 28*d. Suppose -30*v + 22*v + 800 = d. What is the units digit of v?
0
What is the ten thousands digit of 7 + 48173 + (7 - 5)?
4
Let m(l) = 7*l + 12. Let x be m(-2). Let s(g) = 148*g**2 + 11*g + 27. What is the hundreds digit of s(x)?
5
Let q = 61 + -35. Let a = q + -17. Suppose -a*m + 306 = -171. What is the units digit of m?
3
Let g(c) = 4585*c**3 + 2*c**2 - 2. Let u be g(1). Suppose u = 8*v - 1191. What is the units digit of v?
2
Let p = 5356 + -2022. What is the hundreds digit of p?
3
Suppose -10*h - 5*h + 1170 = 0. Suppose -25*m + h*m - 6148 = 0. What is the hundreds digit of m?
1
Let h = -377 + 561. Let q be (-2)/1 + (-83 - 0). Let t = h + q. What is the units digit of t?
9
Let v = -9273 + 20162. What is the ten thousands digit of v?
1
Let z = -5768 - -10452. What is the thousands digit of z?
4
Let q = -71 + 78. Suppose -q*n - 1100 = 3*n. Let f = n + 126. What is the tens digit of f?
1
Suppose -43*f = 4*w - 39*f - 210776, -2*w - 3*f = -105379. What is the units digit of w?
3
Suppose 4*u - 33 = 5*x, -3*u - x = -u + 1. Suppose -5*v = -4*y - 2001, u*v + 5*y - 706 = 101. Suppose -v = -2*c - 41. What is the tens digit of c?
8
Let r = -80197 + 118254. What is the units digit of r?
7
What is the hundreds digit of 0 + (-14)/(-21) - (-26675)/15?
7
Suppose 12*v - 2*v = 40. Let p be v/8*-14 - -2. Let w(i) = -28*i - 15. What is the tens digit of w(p)?
2
Suppose 15967 = 10*s - 35313. What is the hundreds digi